{"id":6,"date":"2015-11-19T16:47:01","date_gmt":"2015-11-19T15:47:01","guid":{"rendered":"https:\/\/auessaouira.ma\/zgh\/?page_id=6"},"modified":"2015-12-17T16:57:47","modified_gmt":"2015-12-17T15:57:47","slug":"accueil","status":"publish","type":"page","link":"https:\/\/auessaouira.ma\/zgh\/","title":{"rendered":"\u2d5c\u2d30\u2d59\u2d4f\u2d30  \u2d5c\u2d30\u2d37\u2d59\u2d4d\u2d30\u2d4f\u2d5c"},"content":{"rendered":"","protected":false},"excerpt":{"rendered":"","protected":false},"author":11,"featured_media":0,"parent":0,"menu_order":0,"comment_status":"closed","ping_status":"closed","template":"page-frontpage.php","meta":{"footnotes":""},"class_list":["post-6","page","type-page","status-publish","hentry"],"yoast_head":"<!-- This site is optimized with the Yoast SEO plugin v27.3 - https:\/\/yoast.com\/product\/yoast-seo-wordpress\/ -->\n<title>\u2d5c\u2d30\u2d59\u2d4f\u2d53\u2d54\u2d30\u2d62\u2d5c \u2d5c\u2d30\u2d56\u2d54\u2d4e\u2d30\u2d4f\u2d5c \u2d4f \u2d5a\u2d5a\u2d61\u2d49\u2d55\u2d30<\/title>\n<meta name=\"description\" content=\"\u2d5c\u2d30\u2d59\u2d4f\u2d53\u2d54\u2d30\u2d62\u2d5c \u2d5c\u2d30\u2d56\u2d54\u2d4e\u2d30\u2d4f\u2d5c \u2d4f \u2d5a\u2d5a\u2d61\u2d49\u2d55\u2d30 : L&#039;Agence Urbaine Essaouira (AUESS) est un \u00e9tablissement public dot\u00e9 de la personnalit\u00e9 morale et de l\u2019autonomie financi\u00e8re\" \/>\n<meta name=\"robots\" content=\"index, follow, max-snippet:-1, max-image-preview:large, max-video-preview:-1\" \/>\n<link rel=\"canonical\" href=\"https:\/\/auessaouira.ma\/zgh\/\" \/>\n<meta property=\"og:locale\" content=\"en_US\" \/>\n<meta property=\"og:type\" content=\"article\" \/>\n<meta property=\"og:title\" content=\"\u2d5c\u2d30\u2d59\u2d4f\u2d53\u2d54\u2d30\u2d62\u2d5c \u2d5c\u2d30\u2d56\u2d54\u2d4e\u2d30\u2d4f\u2d5c \u2d4f \u2d5a\u2d5a\u2d61\u2d49\u2d55\u2d30\" \/>\n<meta property=\"og:description\" content=\"\u2d5c\u2d30\u2d59\u2d4f\u2d53\u2d54\u2d30\u2d62\u2d5c \u2d5c\u2d30\u2d56\u2d54\u2d4e\u2d30\u2d4f\u2d5c \u2d4f \u2d5a\u2d5a\u2d61\u2d49\u2d55\u2d30 : L&#039;Agence Urbaine Essaouira (AUESS) est un \u00e9tablissement public dot\u00e9 de la personnalit\u00e9 morale et de l\u2019autonomie financi\u00e8re\" \/>\n<meta property=\"og:url\" content=\"https:\/\/auessaouira.ma\/zgh\/\" \/>\n<meta property=\"og:site_name\" content=\"\u2d30\u2d33\u2d3b\u2d4f\u2d5b\u2d3b \u2d53\u2d54\u2d31\u2d30\u2d49\u2d4f\u2d3b \u2d3b\u2d59\u2d59\u2d30\u2d44\u2d53\u2d49\u2d54\u2d30\" \/>\n<meta property=\"article:publisher\" content=\"https:\/\/www.facebook.com\/Agence.Urbaine.dEssaouira\" \/>\n<meta property=\"article:modified_time\" content=\"2015-12-17T15:57:47+00:00\" \/>\n<meta property=\"og:image\" content=\"https:\/\/auessaouira.ma\/wp-content\/uploads\/2015\/03\/logo-AUESS-lw21.jpg\" \/>\n<meta name=\"twitter:card\" content=\"summary_large_image\" \/>\n<meta name=\"twitter:site\" content=\"@aur_essaouira\" \/>\n<script type=\"application\/ld+json\" class=\"yoast-schema-graph\">{\"@context\":\"https:\\\/\\\/schema.org\",\"@graph\":[{\"@type\":\"WebPage\",\"@id\":\"https:\\\/\\\/auessaouira.ma\\\/zgh\\\/\",\"url\":\"https:\\\/\\\/auessaouira.ma\\\/zgh\\\/\",\"name\":\"\u2d5c\u2d30\u2d59\u2d4f\u2d53\u2d54\u2d30\u2d62\u2d5c \u2d5c\u2d30\u2d56\u2d54\u2d4e\u2d30\u2d4f\u2d5c \u2d4f \u2d5a\u2d5a\u2d61\u2d49\u2d55\u2d30\",\"isPartOf\":{\"@id\":\"https:\\\/\\\/auessaouira.ma\\\/zgh\\\/#website\"},\"datePublished\":\"2015-11-19T15:47:01+00:00\",\"dateModified\":\"2015-12-17T15:57:47+00:00\",\"description\":\"\u2d5c\u2d30\u2d59\u2d4f\u2d53\u2d54\u2d30\u2d62\u2d5c \u2d5c\u2d30\u2d56\u2d54\u2d4e\u2d30\u2d4f\u2d5c \u2d4f \u2d5a\u2d5a\u2d61\u2d49\u2d55\u2d30 : L'Agence Urbaine Essaouira (AUESS) est un \u00e9tablissement public dot\u00e9 de la personnalit\u00e9 morale et de l\u2019autonomie financi\u00e8re\",\"breadcrumb\":{\"@id\":\"https:\\\/\\\/auessaouira.ma\\\/zgh\\\/#breadcrumb\"},\"inLanguage\":\"zgh-MA\",\"potentialAction\":[{\"@type\":\"ReadAction\",\"target\":[\"https:\\\/\\\/auessaouira.ma\\\/zgh\\\/\"]}]},{\"@type\":\"BreadcrumbList\",\"@id\":\"https:\\\/\\\/auessaouira.ma\\\/zgh\\\/#breadcrumb\",\"itemListElement\":[{\"@type\":\"ListItem\",\"position\":1,\"name\":\"Accueil\",\"item\":\"https:\\\/\\\/auessaouira.ma\\\/zgh\\\/\"},{\"@type\":\"ListItem\",\"position\":2,\"name\":\"\u2d5c\u2d30\u2d59\u2d4f\u2d30 \u2d5c\u2d30\u2d37\u2d59\u2d4d\u2d30\u2d4f\u2d5c\"}]},{\"@type\":\"WebSite\",\"@id\":\"https:\\\/\\\/auessaouira.ma\\\/zgh\\\/#website\",\"url\":\"https:\\\/\\\/auessaouira.ma\\\/zgh\\\/\",\"name\":\"\u2d30\u2d33\u2d3b\u2d4f\u2d5b\u2d3b \u2d53\u2d54\u2d31\u2d30\u2d49\u2d4f\u2d3b \u2d3b\u2d59\u2d59\u2d30\u2d44\u2d53\u2d49\u2d54\u2d30\",\"description\":\"\u2d30\u2d33\u2d3b\u2d4f\u2d5b\u2d3b \u2d53\u2d54\u2d31\u2d30\u2d49\u2d4f\u2d3b \u2d3b\u2d59\u2d59\u2d30\u2d44\u2d53\u2d49\u2d54\u2d30\",\"potentialAction\":[{\"@type\":\"SearchAction\",\"target\":{\"@type\":\"EntryPoint\",\"urlTemplate\":\"https:\\\/\\\/auessaouira.ma\\\/zgh\\\/?s={search_term_string}\"},\"query-input\":{\"@type\":\"PropertyValueSpecification\",\"valueRequired\":true,\"valueName\":\"search_term_string\"}}],\"inLanguage\":\"zgh-MA\"}]}<\/script>\n<!-- \/ Yoast SEO plugin. -->","yoast_head_json":{"title":"\u2d5c\u2d30\u2d59\u2d4f\u2d53\u2d54\u2d30\u2d62\u2d5c \u2d5c\u2d30\u2d56\u2d54\u2d4e\u2d30\u2d4f\u2d5c \u2d4f \u2d5a\u2d5a\u2d61\u2d49\u2d55\u2d30","description":"\u2d5c\u2d30\u2d59\u2d4f\u2d53\u2d54\u2d30\u2d62\u2d5c \u2d5c\u2d30\u2d56\u2d54\u2d4e\u2d30\u2d4f\u2d5c \u2d4f \u2d5a\u2d5a\u2d61\u2d49\u2d55\u2d30 : L'Agence Urbaine Essaouira (AUESS) est un \u00e9tablissement public dot\u00e9 de la personnalit\u00e9 morale et de l\u2019autonomie financi\u00e8re","robots":{"index":"index","follow":"follow","max-snippet":"max-snippet:-1","max-image-preview":"max-image-preview:large","max-video-preview":"max-video-preview:-1"},"canonical":"https:\/\/auessaouira.ma\/zgh\/","og_locale":"en_US","og_type":"article","og_title":"\u2d5c\u2d30\u2d59\u2d4f\u2d53\u2d54\u2d30\u2d62\u2d5c \u2d5c\u2d30\u2d56\u2d54\u2d4e\u2d30\u2d4f\u2d5c \u2d4f \u2d5a\u2d5a\u2d61\u2d49\u2d55\u2d30","og_description":"\u2d5c\u2d30\u2d59\u2d4f\u2d53\u2d54\u2d30\u2d62\u2d5c \u2d5c\u2d30\u2d56\u2d54\u2d4e\u2d30\u2d4f\u2d5c \u2d4f \u2d5a\u2d5a\u2d61\u2d49\u2d55\u2d30 : L'Agence Urbaine Essaouira (AUESS) est un \u00e9tablissement public dot\u00e9 de la personnalit\u00e9 morale et de l\u2019autonomie financi\u00e8re","og_url":"https:\/\/auessaouira.ma\/zgh\/","og_site_name":"\u2d30\u2d33\u2d3b\u2d4f\u2d5b\u2d3b \u2d53\u2d54\u2d31\u2d30\u2d49\u2d4f\u2d3b \u2d3b\u2d59\u2d59\u2d30\u2d44\u2d53\u2d49\u2d54\u2d30","article_publisher":"https:\/\/www.facebook.com\/Agence.Urbaine.dEssaouira","article_modified_time":"2015-12-17T15:57:47+00:00","og_image":[{"url":"https:\/\/auessaouira.ma\/wp-content\/uploads\/2015\/03\/logo-AUESS-lw21.jpg","type":"","width":"","height":""}],"twitter_card":"summary_large_image","twitter_site":"@aur_essaouira","schema":{"@context":"https:\/\/schema.org","@graph":[{"@type":"WebPage","@id":"https:\/\/auessaouira.ma\/zgh\/","url":"https:\/\/auessaouira.ma\/zgh\/","name":"\u2d5c\u2d30\u2d59\u2d4f\u2d53\u2d54\u2d30\u2d62\u2d5c \u2d5c\u2d30\u2d56\u2d54\u2d4e\u2d30\u2d4f\u2d5c \u2d4f \u2d5a\u2d5a\u2d61\u2d49\u2d55\u2d30","isPartOf":{"@id":"https:\/\/auessaouira.ma\/zgh\/#website"},"datePublished":"2015-11-19T15:47:01+00:00","dateModified":"2015-12-17T15:57:47+00:00","description":"\u2d5c\u2d30\u2d59\u2d4f\u2d53\u2d54\u2d30\u2d62\u2d5c \u2d5c\u2d30\u2d56\u2d54\u2d4e\u2d30\u2d4f\u2d5c \u2d4f \u2d5a\u2d5a\u2d61\u2d49\u2d55\u2d30 : L'Agence Urbaine Essaouira (AUESS) est un \u00e9tablissement public dot\u00e9 de la personnalit\u00e9 morale et de l\u2019autonomie financi\u00e8re","breadcrumb":{"@id":"https:\/\/auessaouira.ma\/zgh\/#breadcrumb"},"inLanguage":"zgh-MA","potentialAction":[{"@type":"ReadAction","target":["https:\/\/auessaouira.ma\/zgh\/"]}]},{"@type":"BreadcrumbList","@id":"https:\/\/auessaouira.ma\/zgh\/#breadcrumb","itemListElement":[{"@type":"ListItem","position":1,"name":"Accueil","item":"https:\/\/auessaouira.ma\/zgh\/"},{"@type":"ListItem","position":2,"name":"\u2d5c\u2d30\u2d59\u2d4f\u2d30 \u2d5c\u2d30\u2d37\u2d59\u2d4d\u2d30\u2d4f\u2d5c"}]},{"@type":"WebSite","@id":"https:\/\/auessaouira.ma\/zgh\/#website","url":"https:\/\/auessaouira.ma\/zgh\/","name":"\u2d30\u2d33\u2d3b\u2d4f\u2d5b\u2d3b \u2d53\u2d54\u2d31\u2d30\u2d49\u2d4f\u2d3b \u2d3b\u2d59\u2d59\u2d30\u2d44\u2d53\u2d49\u2d54\u2d30","description":"\u2d30\u2d33\u2d3b\u2d4f\u2d5b\u2d3b \u2d53\u2d54\u2d31\u2d30\u2d49\u2d4f\u2d3b \u2d3b\u2d59\u2d59\u2d30\u2d44\u2d53\u2d49\u2d54\u2d30","potentialAction":[{"@type":"SearchAction","target":{"@type":"EntryPoint","urlTemplate":"https:\/\/auessaouira.ma\/zgh\/?s={search_term_string}"},"query-input":{"@type":"PropertyValueSpecification","valueRequired":true,"valueName":"search_term_string"}}],"inLanguage":"zgh-MA"}]}},"_links":{"self":[{"href":"https:\/\/auessaouira.ma\/zgh\/wp-json\/wp\/v2\/pages\/6","targetHints":{"allow":["GET"]}}],"collection":[{"href":"https:\/\/auessaouira.ma\/zgh\/wp-json\/wp\/v2\/pages"}],"about":[{"href":"https:\/\/auessaouira.ma\/zgh\/wp-json\/wp\/v2\/types\/page"}],"author":[{"embeddable":true,"href":"https:\/\/auessaouira.ma\/zgh\/wp-json\/wp\/v2\/users\/11"}],"replies":[{"embeddable":true,"href":"https:\/\/auessaouira.ma\/zgh\/wp-json\/wp\/v2\/comments?post=6"}],"version-history":[{"count":2,"href":"https:\/\/auessaouira.ma\/zgh\/wp-json\/wp\/v2\/pages\/6\/revisions"}],"predecessor-version":[{"id":65,"href":"https:\/\/auessaouira.ma\/zgh\/wp-json\/wp\/v2\/pages\/6\/revisions\/65"}],"wp:attachment":[{"href":"https:\/\/auessaouira.ma\/zgh\/wp-json\/wp\/v2\/media?parent=6"}],"curies":[{"name":"wp","href":"https:\/\/api.w.org\/{rel}","templated":true}]}}